{"id":40,"date":"2016-01-08T13:23:24","date_gmt":"2016-01-08T12:23:24","guid":{"rendered":"http:\/\/imaginailes.fr\/onirismes\/?page_id=40"},"modified":"2020-02-10T22:26:25","modified_gmt":"2020-02-10T21:26:25","slug":"amiens-dans-100-ans","status":"publish","type":"page","link":"http:\/\/imaginailes.fr\/automne\/musee-des-archives\/bande-dessinee\/amiens-dans-100-ans\/","title":{"rendered":"Amiens dans 100 ans"},"content":{"rendered":"<p>Bande dessin\u00e9e d&rsquo;une planche r\u00e9alis\u00e9e en 2005.<br \/>La BD a remport\u00e9 le concours BNP paribas la m\u00eame ann\u00e9e sur le th\u00e8me \u00ab\u00a0Amiens dans 100 ans\u00a0\u00bb.<\/p>\n\n\n<figure class=\"wp-block-image size-large\"><img loading=\"lazy\" decoding=\"async\" width=\"810\" height=\"1024\" src=\"http:\/\/imaginailes.fr\/automne\/wp-content\/uploads\/2016\/01\/Amiens-dans-100-ans-810x1024.jpg\" alt=\"\" class=\"wp-image-236\" srcset=\"http:\/\/imaginailes.fr\/automne\/wp-content\/uploads\/2016\/01\/Amiens-dans-100-ans-810x1024.jpg 810w, http:\/\/imaginailes.fr\/automne\/wp-content\/uploads\/2016\/01\/Amiens-dans-100-ans-237x300.jpg 237w, http:\/\/imaginailes.fr\/automne\/wp-content\/uploads\/2016\/01\/Amiens-dans-100-ans-768x971.jpg 768w, http:\/\/imaginailes.fr\/automne\/wp-content\/uploads\/2016\/01\/Amiens-dans-100-ans-119x150.jpg 119w, http:\/\/imaginailes.fr\/automne\/wp-content\/uploads\/2016\/01\/Amiens-dans-100-ans.jpg 827w\" sizes=\"auto, (max-width: 810px) 100vw, 810px\" \/><\/figure>\n","protected":false},"excerpt":{"rendered":"<p>Bande dessin\u00e9e d&rsquo;une planche r\u00e9alis\u00e9e en 2005.La BD a remport\u00e9 le concours BNP paribas la m\u00eame ann\u00e9e sur le th\u00e8me \u00ab\u00a0Amiens dans 100 ans\u00a0\u00bb.<\/p>\n","protected":false},"author":1,"featured_media":0,"parent":23,"menu_order":0,"comment_status":"closed","ping_status":"closed","template":"","meta":{"footnotes":""},"class_list":["post-40","page","type-page","status-publish","hentry"],"_links":{"self":[{"href":"http:\/\/imaginailes.fr\/automne\/wp-json\/wp\/v2\/pages\/40","targetHints":{"allow":["GET"]}}],"collection":[{"href":"http:\/\/imaginailes.fr\/automne\/wp-json\/wp\/v2\/pages"}],"about":[{"href":"http:\/\/imaginailes.fr\/automne\/wp-json\/wp\/v2\/types\/page"}],"author":[{"embeddable":true,"href":"http:\/\/imaginailes.fr\/automne\/wp-json\/wp\/v2\/users\/1"}],"replies":[{"embeddable":true,"href":"http:\/\/imaginailes.fr\/automne\/wp-json\/wp\/v2\/comments?post=40"}],"version-history":[{"count":8,"href":"http:\/\/imaginailes.fr\/automne\/wp-json\/wp\/v2\/pages\/40\/revisions"}],"predecessor-version":[{"id":1106,"href":"http:\/\/imaginailes.fr\/automne\/wp-json\/wp\/v2\/pages\/40\/revisions\/1106"}],"up":[{"embeddable":true,"href":"http:\/\/imaginailes.fr\/automne\/wp-json\/wp\/v2\/pages\/23"}],"wp:attachment":[{"href":"http:\/\/imaginailes.fr\/automne\/wp-json\/wp\/v2\/media?parent=40"}],"curies":[{"name":"wp","href":"https:\/\/api.w.org\/{rel}","templated":true}]}}