{"id":654,"date":"2018-08-18T19:35:11","date_gmt":"2018-08-18T18:35:11","guid":{"rendered":"http:\/\/imaginailes.fr\/automne\/?page_id=654"},"modified":"2020-09-10T10:47:59","modified_gmt":"2020-09-10T09:47:59","slug":"fanzine-eveil-n1-octobre-2009","status":"publish","type":"page","link":"http:\/\/imaginailes.fr\/automne\/musee-des-archives\/fanzines\/projet-transition\/les-archives-du-projet-transition\/toutes-nos-publications\/fanzine-eveil-n1-octobre-2009\/","title":{"rendered":"Fanzine \u00c9veil n\u00b01 \u2013 octobre 2009"},"content":{"rendered":"<p style=\"color: #444444;\">\n<div id=\"attachment_740\" style=\"width: 221px\" class=\"wp-caption aligncenter\"><img loading=\"lazy\" decoding=\"async\" aria-describedby=\"caption-attachment-740\" class=\"wp-image-740 size-medium\" src=\"http:\/\/imaginailes.fr\/automne\/wp-content\/uploads\/2018\/09\/smallcouv_eveil01-211x300.jpg\" alt=\"\" width=\"211\" height=\"300\" srcset=\"http:\/\/imaginailes.fr\/automne\/wp-content\/uploads\/2018\/09\/smallcouv_eveil01-211x300.jpg 211w, http:\/\/imaginailes.fr\/automne\/wp-content\/uploads\/2018\/09\/smallcouv_eveil01-106x150.jpg 106w, http:\/\/imaginailes.fr\/automne\/wp-content\/uploads\/2018\/09\/smallcouv_eveil01.jpg 245w\" sizes=\"auto, (max-width: 211px) 100vw, 211px\" \/><p id=\"caption-attachment-740\" class=\"wp-caption-text\"><\/span> <span style=\"color: #ffffff;\">\u00e9veil 1<\/span><\/p><\/div>\n<p style=\"color: #444444;\"><span style=\"color: #ffffff;\">Le <em>Fanzine \u00c9veil<\/em> est une ancienne publication sur support papier \u00e0 parution annuelle, \u00e9dit\u00e9e par l&rsquo;association Transition. Il rassemble des nouvelles, des po\u00e8mes et des illustrations, libres pour certains, \u00e0 th\u00e9matique pour d&rsquo;autres.<\/span><\/p>\n<p style=\"color: #444444;\"><span style=\"color: #ffffff;\">Dans ce num\u00e9ro, les <strong>Luciole(s)<\/strong> sont \u00e0 l&rsquo;honneur !<\/span><\/p>\n<p style=\"color: #444444;\"><span style=\"color: #ffffff;\">Dans la partie th\u00e9matique :<\/span><\/p>\n<ul style=\"color: #444444;\">\n<li><span style=\"color: #ffffff;\">Lionel Ga\u00efani trace les contours doux d&rsquo;un conte de petite f\u00e9e mutine et de vieux satyre aux rides de sagesse.<em>La Luciole de la G\u00e9n\u00e9bri\u00e8re<\/em>s&rsquo;y r\u00e9v\u00e8le au coin d&rsquo;une tasse de th\u00e9 fumant.<\/span><\/li>\n<li><span style=\"color: #ffffff;\">Hans Delrue nous raconte les derniers instants d&rsquo;un vieil homme \u00e9go\u00efste et riche, qu&rsquo;un souvenir de son enfance vient hanter. Un ultime choix se posera alors, une occasion de se racheter ou de tout perdre\u2026 gr\u00e2ce aux<em>Importunes<\/em> !<\/span><\/li>\n<li><span style=\"color: #ffffff;\">Arny, le h\u00e9ros de Madeleine Dufranne, n&rsquo;a pas grand-chose pour lui. Pauvre gamin qui n&rsquo;a connu que le statut de mouton noir et pers\u00e9cut\u00e9, voil\u00e0 qu&rsquo;un soir, une course-poursuite l&rsquo;am\u00e8ne \u00e0 franchir le mur d&rsquo;un parc interdit. L\u00e0, il d\u00e9couvrira l&rsquo;\u00e9merveillement et le<em>Feu de l&rsquo;\u00eatre<\/em>, celui d&rsquo;une luciole\u2026 ou le sien ?<\/span><\/li>\n<\/ul>\n<p style=\"color: #444444;\"><span style=\"color: #ffffff;\">Et en prose libre:<\/span><\/p>\n<ul style=\"color: #444444;\">\n<li><span style=\"color: #ffffff;\">L\u00e9a Silva nous entra\u00eene dans un jeu de miroirs entre<em>P\u00e8re et Fils<\/em>.<\/span><\/li>\n<li><span style=\"color: #ffffff;\">C\u00e9cile Goguely part en goguette, dans l&rsquo;imaginaire en tour de patins, dans un champ de papiers brouillons jet\u00e9s, le temps d&rsquo;<em>Un dimanche \u00e0 moiti\u00e9<\/em>.<\/span><\/li>\n<\/ul>\n<p style=\"color: #444444;\"><span style=\"color: #ffffff;\">D\u00e9couvrez aussi les illustrations et les photos de F.Andre, Fay&rsquo;Raya, Harue YA, Laurence P\u00e9guy, Pen of Chaos, Flore Pipari, Sand D., Vanessa Terral, Terryjil, Yohan Vasse.<\/span><\/p>\n<p style=\"color: #444444;\">\n","protected":false},"excerpt":{"rendered":"<p>Le Fanzine \u00c9veil est une ancienne publication sur support papier \u00e0 parution annuelle, \u00e9dit\u00e9e par l&rsquo;association Transition. Il rassemble des nouvelles, des po\u00e8mes et des illustrations, libres pour certains, \u00e0 th\u00e9matique pour d&rsquo;autres. Dans ce num\u00e9ro, les Luciole(s) sont \u00e0 l&rsquo;honneur ! Dans la partie th\u00e9matique : Lionel Ga\u00efani trace \u2026 <a class=\"continue-reading-link\" href=\"http:\/\/imaginailes.fr\/automne\/musee-des-archives\/fanzines\/projet-transition\/les-archives-du-projet-transition\/toutes-nos-publications\/fanzine-eveil-n1-octobre-2009\/\"> Continue reading <span class=\"meta-nav\">&rarr; <\/span><\/a><\/p>\n","protected":false},"author":1,"featured_media":0,"parent":656,"menu_order":0,"comment_status":"closed","ping_status":"closed","template":"","meta":{"footnotes":""},"class_list":["post-654","page","type-page","status-publish","hentry"],"_links":{"self":[{"href":"http:\/\/imaginailes.fr\/automne\/wp-json\/wp\/v2\/pages\/654","targetHints":{"allow":["GET"]}}],"collection":[{"href":"http:\/\/imaginailes.fr\/automne\/wp-json\/wp\/v2\/pages"}],"about":[{"href":"http:\/\/imaginailes.fr\/automne\/wp-json\/wp\/v2\/types\/page"}],"author":[{"embeddable":true,"href":"http:\/\/imaginailes.fr\/automne\/wp-json\/wp\/v2\/users\/1"}],"replies":[{"embeddable":true,"href":"http:\/\/imaginailes.fr\/automne\/wp-json\/wp\/v2\/comments?post=654"}],"version-history":[{"count":3,"href":"http:\/\/imaginailes.fr\/automne\/wp-json\/wp\/v2\/pages\/654\/revisions"}],"predecessor-version":[{"id":1201,"href":"http:\/\/imaginailes.fr\/automne\/wp-json\/wp\/v2\/pages\/654\/revisions\/1201"}],"up":[{"embeddable":true,"href":"http:\/\/imaginailes.fr\/automne\/wp-json\/wp\/v2\/pages\/656"}],"wp:attachment":[{"href":"http:\/\/imaginailes.fr\/automne\/wp-json\/wp\/v2\/media?parent=654"}],"curies":[{"name":"wp","href":"https:\/\/api.w.org\/{rel}","templated":true}]}}