{"id":682,"date":"2018-08-18T19:45:54","date_gmt":"2018-08-18T18:45:54","guid":{"rendered":"http:\/\/imaginailes.fr\/automne\/?page_id=682"},"modified":"2020-09-10T11:10:06","modified_gmt":"2020-09-10T10:10:06","slug":"fanzine-penombres-n7-septembre-2016","status":"publish","type":"page","link":"http:\/\/imaginailes.fr\/automne\/musee-des-archives\/fanzines\/projet-transition\/les-archives-du-projet-transition\/toutes-nos-publications\/fanzine-penombres-n7-septembre-2016\/","title":{"rendered":"Fanzine P\u00e9nombres n\u00b07 \u2013 septembre 2016"},"content":{"rendered":"<div id=\"attachment_758\" style=\"width: 235px\" class=\"wp-caption aligncenter\"><img loading=\"lazy\" decoding=\"async\" aria-describedby=\"caption-attachment-758\" class=\"size-medium wp-image-758\" src=\"http:\/\/imaginailes.fr\/automne\/wp-content\/uploads\/2018\/09\/smallcouv_penombres07-225x300.jpg\" alt=\"\" width=\"225\" height=\"300\" srcset=\"http:\/\/imaginailes.fr\/automne\/wp-content\/uploads\/2018\/09\/smallcouv_penombres07-225x300.jpg 225w, http:\/\/imaginailes.fr\/automne\/wp-content\/uploads\/2018\/09\/smallcouv_penombres07-112x150.jpg 112w, http:\/\/imaginailes.fr\/automne\/wp-content\/uploads\/2018\/09\/smallcouv_penombres07.jpg 262w\" sizes=\"auto, (max-width: 225px) 100vw, 225px\" \/><p id=\"caption-attachment-758\" class=\"wp-caption-text\"><\/span> <span style=\"color: #ffffff;\">p\u00e9nombres 7<\/span><\/p><\/div>\n<p style=\"color: #444444;\"><span style=\"color: #ffffff;\">Le fanzine <em>P\u00e9nombres<\/em> est une publication num\u00e9rique \u00e9dit\u00e9e par l&rsquo;association Transition, qui rassemble des nouvelles, des po\u00e8mes et des illustrations.<\/span><\/p>\n<p style=\"color: #444444;\"><span style=\"color: #ffffff;\">Ce septi\u00e8me opus vous rem\u00e9morera les charmes d&rsquo;une soir\u00e9e au coin du feu. Entre le parfum fum\u00e9, les braises ardentes et la musique du bois qui cr\u00e9pite, il y a de quoi r\u00eaver\u2026 Mais que les amateurs de clair-obscur ne s&rsquo;inqui\u00e8tent pas : entre <strong>\u00c2tres et bougies<\/strong>, le myst\u00e8re n&rsquo;est jamais loin !<\/span><\/p>\n<ul style=\"color: #444444;\">\n<li><span style=\"color: #ffffff;\">Anthony Boulanger mettra le feu aux poudres gr\u00e2ce \u00e0 ses incroyables cr\u00e9atures dot\u00e9es d&rsquo;<em>Esprits inflammables<\/em>.<\/span><\/li>\n<li><span style=\"color: #ffffff;\">Les <em>Veilleurs<\/em> d&rsquo;Ulice montent la garde et sont les t\u00e9moins d&rsquo;une guerre aussi ancienne que terrible\u2026 Surtout, restez aux aguets !<\/span><\/li>\n<li><span style=\"color: #ffffff;\">Envie d&rsquo;un peu d&rsquo;action ? Bleizian s&rsquo;en passerait volontiers, lui ! Et pourtant, en compagnie d&rsquo;Andr\u00e9a Deslacs, voyez comme il se surpasse <em>Pour une \u00e9tincelle<\/em>\u2026<\/span><\/li>\n<li><span style=\"color: #ffffff;\">Rejoignez Oph\u00e9lie Hervet chez <em>La Collectionneuse<\/em> et tentez de percer son secret.<\/span><\/li>\n<li><span style=\"color: #ffffff;\">C&rsquo;est enfin \u00e0 la lueur d&rsquo;une <em>Lumi\u00e8re endeuill\u00e9e<\/em> que Christophe Tr\u00e9feu terminera ce recueil.<\/span><\/li>\n<\/ul>\n<p style=\"color: #444444;\"><span style=\"color: #ffffff;\">Et d\u00e9couvrez au fil des pages les illustrations d&rsquo;Anne-So Deligny, Delphine Gueniffey, Marie-Charlotte Grani\u00e9, Mickael Martins, Terryjil et Yohan Vasse !<\/span><\/p>\n<p style=\"color: #444444;\">\n","protected":false},"excerpt":{"rendered":"<p>Le fanzine P\u00e9nombres est une publication num\u00e9rique \u00e9dit\u00e9e par l&rsquo;association Transition, qui rassemble des nouvelles, des po\u00e8mes et des illustrations. Ce septi\u00e8me opus vous rem\u00e9morera les charmes d&rsquo;une soir\u00e9e au coin du feu. Entre le parfum fum\u00e9, les braises ardentes et la musique du bois qui cr\u00e9pite, il y a \u2026 <a class=\"continue-reading-link\" href=\"http:\/\/imaginailes.fr\/automne\/musee-des-archives\/fanzines\/projet-transition\/les-archives-du-projet-transition\/toutes-nos-publications\/fanzine-penombres-n7-septembre-2016\/\"> Continue reading <span class=\"meta-nav\">&rarr; <\/span><\/a><\/p>\n","protected":false},"author":1,"featured_media":0,"parent":656,"menu_order":0,"comment_status":"closed","ping_status":"closed","template":"","meta":{"footnotes":""},"class_list":["post-682","page","type-page","status-publish","hentry"],"_links":{"self":[{"href":"http:\/\/imaginailes.fr\/automne\/wp-json\/wp\/v2\/pages\/682","targetHints":{"allow":["GET"]}}],"collection":[{"href":"http:\/\/imaginailes.fr\/automne\/wp-json\/wp\/v2\/pages"}],"about":[{"href":"http:\/\/imaginailes.fr\/automne\/wp-json\/wp\/v2\/types\/page"}],"author":[{"embeddable":true,"href":"http:\/\/imaginailes.fr\/automne\/wp-json\/wp\/v2\/users\/1"}],"replies":[{"embeddable":true,"href":"http:\/\/imaginailes.fr\/automne\/wp-json\/wp\/v2\/comments?post=682"}],"version-history":[{"count":3,"href":"http:\/\/imaginailes.fr\/automne\/wp-json\/wp\/v2\/pages\/682\/revisions"}],"predecessor-version":[{"id":1226,"href":"http:\/\/imaginailes.fr\/automne\/wp-json\/wp\/v2\/pages\/682\/revisions\/1226"}],"up":[{"embeddable":true,"href":"http:\/\/imaginailes.fr\/automne\/wp-json\/wp\/v2\/pages\/656"}],"wp:attachment":[{"href":"http:\/\/imaginailes.fr\/automne\/wp-json\/wp\/v2\/media?parent=682"}],"curies":[{"name":"wp","href":"https:\/\/api.w.org\/{rel}","templated":true}]}}