{"id":684,"date":"2018-08-18T19:46:43","date_gmt":"2018-08-18T18:46:43","guid":{"rendered":"http:\/\/imaginailes.fr\/automne\/?page_id=684"},"modified":"2020-09-10T10:59:41","modified_gmt":"2020-09-10T09:59:41","slug":"la-gazette-du-clair-obscur","status":"publish","type":"page","link":"http:\/\/imaginailes.fr\/automne\/musee-des-archives\/fanzines\/projet-transition\/les-archives-du-projet-transition\/toutes-nos-publications\/la-gazette-du-clair-obscur\/","title":{"rendered":"La Gazette du Clair-Obscur"},"content":{"rendered":"<p><span style=\"color: #ffffff;\"><img loading=\"lazy\" decoding=\"async\" class=\"alignnone size-medium wp-image-761 aligncenter\" src=\"http:\/\/imaginailes.fr\/automne\/wp-content\/uploads\/2018\/09\/visuel-gazette-300x163.png\" alt=\"\" width=\"300\" height=\"163\" srcset=\"http:\/\/imaginailes.fr\/automne\/wp-content\/uploads\/2018\/09\/visuel-gazette-300x163.png 300w, http:\/\/imaginailes.fr\/automne\/wp-content\/uploads\/2018\/09\/visuel-gazette-150x82.png 150w, http:\/\/imaginailes.fr\/automne\/wp-content\/uploads\/2018\/09\/visuel-gazette-250x136.png 250w, http:\/\/imaginailes.fr\/automne\/wp-content\/uploads\/2018\/09\/visuel-gazette.png 745w\" sizes=\"auto, (max-width: 300px) 100vw, 300px\" \/><\/span><\/p>\n<p style=\"color: #444444;\">\n<blockquote style=\"font-style: italic; color: #444444;\"><p><span style=\"color: #000000;\">Avis aux amateurs d&rsquo;entre-deux !<\/span><br \/>\n<span style=\"color: #000000;\">Notre quotidien n&rsquo;est pas si simple qu&rsquo;il para\u00eet. Il est des paysages, des d\u00e9cors que l&rsquo;on conna\u00eet trop pour les traverser indiff\u00e9remment chaque jour, des figures que l&rsquo;on ne voit plus par la force de l&rsquo;habitude ; mais derri\u00e8re cette apparente banalit\u00e9 se dissimulent parfois de sombres objets, des cr\u00e9atures t\u00e9n\u00e9breuses et toute une magie oubli\u00e9e. La discr\u00e9tion est de mise pour ce qui enchante \u2013 voire ensorcelle \u2013 la r\u00e9alit\u00e9. Et pourtant\u2026<\/span><br \/>\n<span style=\"color: #000000;\">Soulevez le voile qui masque cet autre monde et explorez-le. Faits divers, expositions, monuments historiques, manifestations, promenades dans la nature, mus\u00e9es : menez l&rsquo;enqu\u00eate en tout lieu et \u00e0 toute heure, et envoyez-nous vos d\u00e9couvertes. Soyez clairvoyants !<\/span><\/p><\/blockquote>\n<p style=\"color: #444444;\"><span style=\"color: #ffffff;\"><strong>Pr\u00e9sentation <\/strong><\/span><\/p>\n<p style=\"color: #444444;\"><span style=\"color: #ffffff;\"><em>La Gazette du Clair-Obscur<\/em> est un bulletin d&rsquo;actualit\u00e9 destin\u00e9 \u00e0 distiller en petites touches des ambiances et des th\u00e8mes du courant P\u00e9nombres, sous la forme d&rsquo;articles de journaux o\u00f9 l&rsquo;occulte est parfois r\u00e9v\u00e9l\u00e9, parfois sugg\u00e9r\u00e9\u2026<\/span><\/p>\n<p style=\"color: #444444;\"><span style=\"color: #ffffff;\"><strong>Cette publication est d\u00e9sormais arr\u00eat\u00e9e.<\/strong> Les gazettes publi\u00e9es restent bien s\u00fbr disponibles.<\/span><\/p>\n<p style=\"color: #444444;\"><span style=\"color: #ffffff;\"><strong>Les gazettes<\/strong><\/span><\/p>\n<ul style=\"color: #444444;\">\n<li><span style=\"color: #ffffff;\">Gazette du Clair-Obscur \u2013 \u00e9dition du 01 novembre 2014<\/span><\/li>\n<li><span style=\"color: #ffffff;\">Gazette du Clair-Obscur \u2013 \u00e9dition du 01 novembre 2013<\/span><\/li>\n<li><span style=\"color: #ffffff;\">Gazette du Clair-Obscur \u2013 \u00e9dition de septembre 2010<\/span><\/li>\n<li><span style=\"color: #ffffff;\">Gazette du Clair-Obscur \u2013 \u00e9dition de septembre 2009<\/span><\/li>\n<\/ul>\n","protected":false},"excerpt":{"rendered":"<p>Avis aux amateurs d&rsquo;entre-deux ! Notre quotidien n&rsquo;est pas si simple qu&rsquo;il para\u00eet. Il est des paysages, des d\u00e9cors que l&rsquo;on conna\u00eet trop pour les traverser indiff\u00e9remment chaque jour, des figures que l&rsquo;on ne voit plus par la force de l&rsquo;habitude ; mais derri\u00e8re cette apparente banalit\u00e9 se dissimulent parfois \u2026 <a class=\"continue-reading-link\" href=\"http:\/\/imaginailes.fr\/automne\/musee-des-archives\/fanzines\/projet-transition\/les-archives-du-projet-transition\/toutes-nos-publications\/la-gazette-du-clair-obscur\/\"> Continue reading <span class=\"meta-nav\">&rarr; <\/span><\/a><\/p>\n","protected":false},"author":1,"featured_media":0,"parent":656,"menu_order":0,"comment_status":"closed","ping_status":"closed","template":"","meta":{"footnotes":""},"class_list":["post-684","page","type-page","status-publish","hentry"],"_links":{"self":[{"href":"http:\/\/imaginailes.fr\/automne\/wp-json\/wp\/v2\/pages\/684","targetHints":{"allow":["GET"]}}],"collection":[{"href":"http:\/\/imaginailes.fr\/automne\/wp-json\/wp\/v2\/pages"}],"about":[{"href":"http:\/\/imaginailes.fr\/automne\/wp-json\/wp\/v2\/types\/page"}],"author":[{"embeddable":true,"href":"http:\/\/imaginailes.fr\/automne\/wp-json\/wp\/v2\/users\/1"}],"replies":[{"embeddable":true,"href":"http:\/\/imaginailes.fr\/automne\/wp-json\/wp\/v2\/comments?post=684"}],"version-history":[{"count":4,"href":"http:\/\/imaginailes.fr\/automne\/wp-json\/wp\/v2\/pages\/684\/revisions"}],"predecessor-version":[{"id":1213,"href":"http:\/\/imaginailes.fr\/automne\/wp-json\/wp\/v2\/pages\/684\/revisions\/1213"}],"up":[{"embeddable":true,"href":"http:\/\/imaginailes.fr\/automne\/wp-json\/wp\/v2\/pages\/656"}],"wp:attachment":[{"href":"http:\/\/imaginailes.fr\/automne\/wp-json\/wp\/v2\/media?parent=684"}],"curies":[{"name":"wp","href":"https:\/\/api.w.org\/{rel}","templated":true}]}}