{"id":84,"date":"2016-01-08T14:00:51","date_gmt":"2016-01-08T13:00:51","guid":{"rendered":"http:\/\/imaginailes.fr\/onirismes\/?page_id=84"},"modified":"2020-01-24T22:11:14","modified_gmt":"2020-01-24T21:11:14","slug":"publications","status":"publish","type":"page","link":"http:\/\/imaginailes.fr\/automne\/mots-et-images\/publications\/","title":{"rendered":"Publications"},"content":{"rendered":"\n<div class=\"wp-block-columns is-layout-flex wp-container-core-columns-is-layout-9d6595d7 wp-block-columns-is-layout-flex\">\n<div class=\"wp-block-column is-layout-flow wp-block-column-is-layout-flow\">\n<div class=\"wp-block-group\"><div class=\"wp-block-group__inner-container is-layout-flow wp-block-group-is-layout-flow\">\n<p class=\"has-medium-font-size\"><strong>TEXTES<\/strong><\/p>\n<\/div><\/div>\n\n\n\n<div class=\"wp-block-group\"><div class=\"wp-block-group__inner-container is-layout-flow wp-block-group-is-layout-flow\">\n<figure class=\"wp-block-image size-large\"><img loading=\"lazy\" decoding=\"async\" width=\"259\" height=\"350\" src=\"http:\/\/imaginailes.fr\/automne\/wp-content\/uploads\/2018\/09\/smallcouv_penombres06.jpg\" alt=\"\" class=\"wp-image-756\" srcset=\"http:\/\/imaginailes.fr\/automne\/wp-content\/uploads\/2018\/09\/smallcouv_penombres06.jpg 259w, http:\/\/imaginailes.fr\/automne\/wp-content\/uploads\/2018\/09\/smallcouv_penombres06-222x300.jpg 222w, http:\/\/imaginailes.fr\/automne\/wp-content\/uploads\/2018\/09\/smallcouv_penombres06-111x150.jpg 111w\" sizes=\"auto, (max-width: 259px) 100vw, 259px\" \/><figcaption>p\u00e9nombres 6<\/figcaption><\/figure>\n\n\n\n<p><strong>Mai 2015 : <\/strong><em>P\u00e9nombres 6<\/em>, <em>association Transition.<br><\/em>Sonnet \u00ab\u00a0h\u00e9ros\u00a0\u00bb <\/p>\n\n\n\n<p>__________________<\/p>\n\n\n\n<figure class=\"wp-block-image size-large\"><img loading=\"lazy\" decoding=\"async\" width=\"246\" height=\"348\" src=\"http:\/\/imaginailes.fr\/automne\/wp-content\/uploads\/2018\/09\/smallcouv_eveil03.jpg\" alt=\"\" class=\"wp-image-742\" srcset=\"http:\/\/imaginailes.fr\/automne\/wp-content\/uploads\/2018\/09\/smallcouv_eveil03.jpg 246w, http:\/\/imaginailes.fr\/automne\/wp-content\/uploads\/2018\/09\/smallcouv_eveil03-212x300.jpg 212w, http:\/\/imaginailes.fr\/automne\/wp-content\/uploads\/2018\/09\/smallcouv_eveil03-106x150.jpg 106w\" sizes=\"auto, (max-width: 246px) 100vw, 246px\" \/><figcaption>\u00e9veil 3<\/figcaption><\/figure>\n\n\n\n<p><strong>Septembre 2011 : <\/strong><em>\u00c9veil 3<\/em>, association Transition.<br>Sonnet \u00ab\u00a0sous le bitume\u00a0\u00bb<\/p>\n\n\n\n<p>  __________________ <\/p>\n\n\n\n<figure class=\"wp-block-image size-large\"><img loading=\"lazy\" decoding=\"async\" width=\"247\" height=\"350\" src=\"http:\/\/imaginailes.fr\/automne\/wp-content\/uploads\/2018\/09\/smallcouv_penombres04.jpg\" alt=\"\" class=\"wp-image-746\" srcset=\"http:\/\/imaginailes.fr\/automne\/wp-content\/uploads\/2018\/09\/smallcouv_penombres04.jpg 247w, http:\/\/imaginailes.fr\/automne\/wp-content\/uploads\/2018\/09\/smallcouv_penombres04-212x300.jpg 212w, http:\/\/imaginailes.fr\/automne\/wp-content\/uploads\/2018\/09\/smallcouv_penombres04-106x150.jpg 106w\" sizes=\"auto, (max-width: 247px) 100vw, 247px\" \/><figcaption>p\u00e9nombres 4<\/figcaption><\/figure>\n\n\n\n<p><strong>Mars 2011 :<\/strong><em> P\u00e9nombres 4<\/em>, association Transition.<br>Sonnet \u00ab\u00a0fugace\u00a0\u00bb <\/p>\n<\/div><\/div>\n<\/div>\n\n\n\n<div class=\"wp-block-column is-layout-flow wp-block-column-is-layout-flow\">\n<div class=\"wp-block-group\"><div class=\"wp-block-group__inner-container is-layout-flow wp-block-group-is-layout-flow\">\n<p class=\"has-medium-font-size\"><strong>ILLUSTRATIONS<\/strong><\/p>\n<\/div><\/div>\n\n\n\n<p class=\"has-text-align-right\"><strong>Novembre 2015 :<\/strong> \u00c9veil 4, association Transition.<br>Illustrations sur le th\u00e8me \u00ab\u00a0\u00e9closion\u00a0\u00bbMai 2015 : P\u00e9nombres 6, association Transition.<br>Couverture.<br>Illustrations sur le th\u00e8me \u00ab\u00a0Monde r\u00e9el, mondes virtuels\u00a0\u00bb<\/p>\n\n\n\n<p> __________________ <\/p>\n\n\n\n<p><strong>Mars 2013 :<\/strong> Anthologie Dimension Super-H\u00e9ros 2, \u00e9ditions rivi\u00e8re blanche.<br>Illustration d&rsquo;une nouvelle de Blanche Saint-Roch.<\/p>\n\n\n\n<p class=\"has-text-align-right\"> __________________ <\/p>\n\n\n\n<p class=\"has-text-align-right\"><strong>Juillet 2012 :<\/strong> Drop #1, association Kejhia.<br>Illustration sur le th\u00e8me \u00ab\u00a0Masque\u00a0\u00bb<\/p>\n\n\n\n<p class=\"has-text-align-right\"> __________________ <\/p>\n\n\n\n<p class=\"has-text-align-right\"><strong>D\u00e9cembre 2011<\/strong> : P\u00e9nombres 5, association Transition.<br>Couverture (en collaboration avec Yohann Vasse), illustrations sur le th\u00e8me \u00ab\u00a0horloges et engrenages\u00a0\u00bb<\/p>\n\n\n\n<p class=\"has-text-align-right\"> __________________ <\/p>\n\n\n\n<p class=\"has-text-align-right\"><strong>Septembre 2011 :<\/strong> \u00c9veil 3, association Transition.<br>Illustrations sur le th\u00e8me \u00ab\u00a0sur les rails\u00a0\u00bb<\/p>\n\n\n\n<p class=\"has-text-align-right\"> __________________ <\/p>\n\n\n\n<p class=\"has-text-align-right\"><strong>Mars 2011 :<\/strong> P\u00e9nombres 4, association Transition.<br>Illustrations sur le th\u00e8me \u00ab\u00a0cages, barreaux et barbel\u00e9s\u00a0\u00bb<\/p>\n\n\n\n<p class=\"has-text-align-right\"> __________________ <\/p>\n\n\n\n<p class=\"has-text-align-right\"><strong>Avril 2009 :<\/strong> Le sanctuaire (fanzine)<br>Illustrations et bandes dessin\u00e9es.<\/p>\n<\/div>\n<\/div>\n\n\n\n<p><\/p>\n","protected":false},"excerpt":{"rendered":"<p>TEXTES Mai 2015 : P\u00e9nombres 6, association Transition.Sonnet \u00ab\u00a0h\u00e9ros\u00a0\u00bb __________________ Septembre 2011 : \u00c9veil 3, association Transition.Sonnet \u00ab\u00a0sous le bitume\u00a0\u00bb __________________ Mars 2011 : P\u00e9nombres 4, association Transition.Sonnet \u00ab\u00a0fugace\u00a0\u00bb ILLUSTRATIONS Novembre 2015 : \u00c9veil 4, association Transition.Illustrations sur le th\u00e8me \u00ab\u00a0\u00e9closion\u00a0\u00bbMai 2015 : P\u00e9nombres 6, association Transition.Couverture.Illustrations sur le th\u00e8me \u2026 <a class=\"continue-reading-link\" href=\"http:\/\/imaginailes.fr\/automne\/mots-et-images\/publications\/\"> Continue reading <span class=\"meta-nav\">&rarr; <\/span><\/a><\/p>\n","protected":false},"author":1,"featured_media":0,"parent":321,"menu_order":0,"comment_status":"closed","ping_status":"closed","template":"","meta":{"footnotes":""},"class_list":["post-84","page","type-page","status-publish","hentry"],"_links":{"self":[{"href":"http:\/\/imaginailes.fr\/automne\/wp-json\/wp\/v2\/pages\/84","targetHints":{"allow":["GET"]}}],"collection":[{"href":"http:\/\/imaginailes.fr\/automne\/wp-json\/wp\/v2\/pages"}],"about":[{"href":"http:\/\/imaginailes.fr\/automne\/wp-json\/wp\/v2\/types\/page"}],"author":[{"embeddable":true,"href":"http:\/\/imaginailes.fr\/automne\/wp-json\/wp\/v2\/users\/1"}],"replies":[{"embeddable":true,"href":"http:\/\/imaginailes.fr\/automne\/wp-json\/wp\/v2\/comments?post=84"}],"version-history":[{"count":18,"href":"http:\/\/imaginailes.fr\/automne\/wp-json\/wp\/v2\/pages\/84\/revisions"}],"predecessor-version":[{"id":1024,"href":"http:\/\/imaginailes.fr\/automne\/wp-json\/wp\/v2\/pages\/84\/revisions\/1024"}],"up":[{"embeddable":true,"href":"http:\/\/imaginailes.fr\/automne\/wp-json\/wp\/v2\/pages\/321"}],"wp:attachment":[{"href":"http:\/\/imaginailes.fr\/automne\/wp-json\/wp\/v2\/media?parent=84"}],"curies":[{"name":"wp","href":"https:\/\/api.w.org\/{rel}","templated":true}]}}